485388 (base 10) to base 16
-25ec8c
Convert -717c58 (base 14) to base 13.
-a3bc11
642891 (base 10) to base 14
12a40b
Convert -29497 (base 10) to base 16.
-7339
Convert 110000001110111101110001 (base 2) to base 5.
11214103314
What is 20bed (base 15) in base 5?
11311243
-900188 (base 10) to base 12
-374b38
Convert 4225542 (base 7) to base 3.
221221222000
152436 (base 8) to base 13
1baaa
155ed (base 15) to base 13
25450
-1010111022 (base 3) to base 6
-250525
Convert 10011101010100111 (base 2) to base 13.
2a883
Convert 13220302111 (base 4) to base 3.
10202201022201
What is -48ee0 (base 16) in base 10?
-298720
What is -1011413 (base 7) in base 9?
-203378
Convert 6613b (base 12) to base 2.
100000111100111111
-3022023101 (base 4) to base 11
-5161a0
Convert 111561532 (base 7) to base 13.
1543570
-eb0b6 (base 16) to base 11
-5a8360
What is -12122343 (base 7) in base 10?
-1081314
What is af8e (base 16) in base 6?
544022
-2698 (base 16) to base 10
-9880
1101110100100111100001 (base 2) to base 15
4b88e8
14574 (base 12) to base 14
a528
-102411 (base 10) to base 6
-2110043
Convert 367078 (base 13) to base 15.
1aa5ed
-1084704 (base 9) to base 6
-20331304
-33aa (base 11) to base 14
-18ba
-26063152 (base 7) to base 8
-11021765
-45135544 (base 6) to base 4
-11031133120
What is 12761c (base 14) in base 11?
3a4153
What is -1000101001100001111 (base 2) in base 10?
-283407
What is -110400143 (base 5) in base 14?
-c7586
What is 1001011101111111 (base 2) in base 14?
101c3
Convert -116028 (base 11) to base 10.
-183708
What is 1230665 (base 7) in base 15?
320c2
Convert -24141330 (base 5) to base 11.
-143813
-1668b0 (base 13) to base 6
-15540132
1492b96 (base 13) to base 16
64552e
What is -347cd1 (base 16) in base 6?
-201421041
Convert 1a1363 (base 11) to base 9.
521152
Convert 7057623 (base 9) to base 14.
6dba06
What is -3a024b (base 12) in base 5?
-221013303
-137074 (base 9) to base 11
-58045
What is 125021245 (base 6) in base 14?
486301
What is -132a1 (base 14) in base 7?
-254361
Convert 25643301 (base 7) to base 4.
20330333022
Convert 2444025 (base 6) to base 10.
130481
Convert -101000100010110001 (base 2) to base 7.
-1261104
What is -1010000000001100011 (base 2) in base 8?
-1200143
Convert 12797a (base 12) to base 15.
6002a
What is -2163872 (base 11) in base 15?
-5000c4
What is 11111000110001010111110 (base 2) in base 4?
133012022332
-1aa94a (base 16) to base 12
-7031a2
Convert -57076 (base 15) to base 10.
-276861
What is -110100001100010111010 (base 2) in base 13?
-47b5bc
614960 (base 12) to base 13
4139c7
Convert -11100010101111001110000 (base 2) to base 10.
-7429744
-2b2b34 (base 12) to base 4
-2302123120
1024026 (base 9) to base 4
2011222233
-174513 (base 9) to base 6
-2153233
What is -140557 (base 11) in base 2?
-110101110001111010
What is -322141110 (base 5) in base 4?
-11031102203
55044056 (base 8) to base 7
202265641
What is -2140247 (base 9) in base 10?
-1148380
Convert -61468 (base 14) to base 16.
-39284
Convert -151674 (base 9) to base 14.
-25d28
-23ba6 (base 13) to base 12
-32038
What is b94700 (base 12) in base 10?
2931696
34124013 (base 5) to base 13
a7472
442073 (base 13) to base 9
3014125
Convert 81290 (base 10) to base 8.
236612
Convert -14b3244 (base 12) to base 2.
-10000000101000010010100
What is 1071400 (base 8) in base 4?
1013030000
Convert 1111011100110001110 (base 2) to base 8.
1734616
What is 222020011130 (base 4) in base 8?
52100534
What is 19628 (base 15) in base 5?
10114023
What is -10005 (base 6) in base 10?
-1301
Convert 2420645 (base 7) to base 3.
120122000122
Convert -2ba8199 (base 12) to base 14.
-1286817
What is 2937a (base 15) in base 2?
100000010100111111
What is -10a509 (base 12) in base 8?
-1011131
Convert -10011332 (base 5) to base 12.
-39847
-294617 (base 10) to base 7
-2334641
Convert -1b18b (base 15) to base 8.
-254052
What is -129cd4 (base 15) in base 3?
-1200102012101
413546 (base 11) to base 16
a1fc5
What is 163437 (base 9) in base 14?
28b16
Convert -61447 (base 9) to base 13.
-15556
Convert -26342 (base 7) to base 9.
-10578
Convert -111b663 (base 12) to base 15.
-44a7b9
-214030502 (base 6) to base 4
-32213001212
What is -103006 (base 10) in base 11?
-70432
Convert -23236426 (base 7) to base 9.
-3753567
Convert 147503 (base 8) to base 12.
26857
361255 (base 8) to base 15
2692a
What is -22220111211 (base 3) in base 11?
-10a804
Convert 233030121 (base 4) to base 12.
93a49
Convert 5535253 (base 10) to base 16.
547615
Convert 1112002202201 (base 3) to base 6.
25201244
Convert 16cf69 (base 16) to base 2.
101101100111101101001
-22531521 (base 6) to base 10
-696361
13a1556 (base 12) to base 13
a80570
101033322002 (base 4) to base 3
22111201110202
Convert -1112044 (base 5) to base 14.
-7237
What is 1111303113 (base 4) in base 16?
55cd7
What is 1105020 (base 7) in base 4?
201033321
Convert -137a054 (base 13) to base 11.
-352a103
What is -842729 (base 12) in base 2?
-111111011010110010001
Convert 138402 (base 12) to base 16.
4f742
-1010100110001010 (base 2) to base 14
-11b62
Convert 6ca416 (base 13) to base 14.
4b7055
Convert 1253364 (base 7) to base 4.
220022022
-4510505 (base 8) to base 6
-42025301
Convert -32310a (base 15) to base 13.
-65895a
-12110221212 (base 3) to base 8
-322525
Convert -110213430 (base 7) to base 2.
-11001010001100101000101
10673a4 (base 13) to base 2
10011001000001010110011
What is 18338a (base 15) in base 3?
2012201012211
What is 6646a3 (base 11) in base 15?
15e27a
2335323 (base 8) to base 3
1012101200201
Convert 3314242 (base 5) to base 4.
32001213
What is -150615 (base 7) in base 11?
-1a971
What is -2343110332 (base 5) in base 6?
-312343222
Convert 5426513 (base 7) to base 9.
1218808
-16095b (base 12) to base 16
-5b757
Convert -3373a (base 14) to base 10.
-124904
-9ccc3 (base 15) to base 14
-cdbd6
Convert -305678 (base 10) to base 2.
-1001010101000001110
What is 1012222021021100 (base 3) in base 12?
5a50883
Convert 3512110 (base 6) to base 11.
113779
Convert -31013532 (base 6) to base 14.
-191ba0
Convert -23526256 (base 7) to base 2.
-111111110100000111011
1ca18 (base 14) to base 10
73326
-1111011001100011001 (base 2) to base 3
-221122011221
What is -7687 (base 13) in base 4?
-10001320
What is 183690 (base 10) in base 13?
657c0
What is -b4a25b (base 12) in base 3?
-12100011122022
Convert -171183 (base 12) to base 15.
-7c4c0
Convert -120121002200 (base 3) to base 5.
-34310411
193261 (base 12) to base 5
103103001
-9558aa (base 14) to base 12
-1835312
-16404604 (base 7) to base 2
-110000110001101111111
112636115 (base 7) to base 8
32346456
635084 (base 12) to base 5
400021230
-11033202203 (base 4) to base 11
-859649
Convert -394b1 (base 13) to base 11.
-72935
-1130224522 (base 6) to base 16
-c08282
-e087 (base 16) to base 14
-16d39
-d819d7 (base 14) to base 10
-7303737
-3322300130 (base 4) to base 15
-1544d5
-5ecd (base 16) to base 14
-8bb7
What is 432341331 (base 5) in base 8?
7012130
1266d3 (base 14) to base 3
1012010121020
What is 333226 (base 8) in base 13?
3c14a
Convert -1562021 (base 9) to base 16.
-d3cc9
What is -11001010111000111011010 (base 2) in base 6?
-354255030
Convert 202322203101 (base 4) to base 3.
122020000011200
-1214132211 (base 5) to base 15
-3bd656
21230231 (base 4) to base 3
2000111022
434505 (base 7) to base 9
125283
-300121211 (base 5) to base 9
-2182675
What is -2109c (base 15) in base 6?
-2125020
What is -2102200213 (base 4) in base 10?
-600103
Convert 10538156 (base 10) to base 6.
1013511432
1246064 (base 7) to base 13
59243
Convert -4418348 (base 9) to base 4.
-21003233300
-1235747 (base 8) to base 16
-53be7
What is 28b193 (base 12) in base 15?
d74b0
-a236 (base 14) to base 6
-333024
What is 4340400 (base 5) in base 13?
27b8b
What is 14020140 (base 6) in base 14?
c2dd2
-34218 (base 9) to base 3
-1011020122
What is 561772 (base 9) in base 3?
122001212102
12762422 (base 8) to base 11
1695333
What is -18b83 (base 16) in base 3?
-12010220001
What is 2156677 (base 8) in base 10?
581055
What is 23230100220 (base 4) in base 2?
1011101100010000101000
What is -30324412 (base 5) in base 2?
-111011111101100111
12110122221 (base 3) to base 9
173587
-1141230 (base 5) to base 10
-21440
What is -282a6 (base 16) in base 5?
-20231033
Convert 719085 (base 11) to base 9.
2148070
Convert -cbb57